[INFO] cloning repository https://github.com/Kliemann-Service-GmbH/xmz-test-tool
[INFO] running `Command { std: "git" "-c" "credential.helper=" "-c" "credential.helper=/workspace/cargo-home/bin/git-credential-null" "clone" "--bare" "https://github.com/Kliemann-Service-GmbH/xmz-test-tool" "/workspace/cache/git-repos/https%3A%2F%2Fgithub.com%2FKliemann-Service-GmbH%2Fxmz-test-tool", kill_on_drop: false }`
[INFO] [stderr] Cloning into bare repository '/workspace/cache/git-repos/https%3A%2F%2Fgithub.com%2FKliemann-Service-GmbH%2Fxmz-test-tool'...
[INFO] running `Command { std: "git" "rev-parse" "HEAD", kill_on_drop: false }`
[INFO] [stdout] cdbbd15ae660e0fce6c4ee364e75438d216c3e4d
[INFO] checking Kliemann-Service-GmbH/xmz-test-tool against master#af3c6e733a40e671550e0f0f5aeecaa13772ba56 for pr-74989
[INFO] running `Command { std: "git" "clone" "/workspace/cache/git-repos/https%3A%2F%2Fgithub.com%2FKliemann-Service-GmbH%2Fxmz-test-tool" "/workspace/builds/worker-1/source", kill_on_drop: false }`
[INFO] [stderr] Cloning into '/workspace/builds/worker-1/source'...
[INFO] [stderr] done.
[INFO] validating manifest of git repo https://github.com/Kliemann-Service-GmbH/xmz-test-tool on toolchain af3c6e733a40e671550e0f0f5aeecaa13772ba56
[INFO] running `Command { std: "/workspace/cargo-home/bin/cargo" "+af3c6e733a40e671550e0f0f5aeecaa13772ba56" "read-manifest" "--manifest-path" "Cargo.toml", kill_on_drop: false }`
[INFO] started tweaking git repo https://github.com/Kliemann-Service-GmbH/xmz-test-tool
[INFO] finished tweaking git repo https://github.com/Kliemann-Service-GmbH/xmz-test-tool
[INFO] tweaked toml for git repo https://github.com/Kliemann-Service-GmbH/xmz-test-tool written to /workspace/builds/worker-1/source/Cargo.toml
[INFO] crate git repo https://github.com/Kliemann-Service-GmbH/xmz-test-tool already has a lockfile, it will not be regenerated
[INFO] running `Command { std: "/workspace/cargo-home/bin/cargo" "+af3c6e733a40e671550e0f0f5aeecaa13772ba56" "fetch" "--locked" "--manifest-path" "Cargo.toml", kill_on_drop: false }`
[INFO] [stderr]     Blocking waiting for file lock on package cache
[INFO] [stderr]     Blocking waiting for file lock on package cache
[INFO] running `Command { std: "docker" "create" "-v" "/var/lib/crater-agent-workspace/builds/worker-1/target:/opt/rustwide/target:rw,Z" "-v" "/var/lib/crater-agent-workspace/builds/worker-1/source:/opt/rustwide/workdir:ro,Z" "-v" "/var/lib/crater-agent-workspace/cargo-home:/opt/rustwide/cargo-home:ro,Z" "-v" "/var/lib/crater-agent-workspace/rustup-home:/opt/rustwide/rustup-home:ro,Z" "-e" "SOURCE_DIR=/opt/rustwide/workdir" "-e" "CARGO_TARGET_DIR=/opt/rustwide/target" "-e" "CARGO_HOME=/opt/rustwide/cargo-home" "-e" "RUSTUP_HOME=/opt/rustwide/rustup-home" "-w" "/opt/rustwide/workdir" "-m" "1610612736" "--user" "0:0" "--network" "none" "rustops/crates-build-env@sha256:d92eaeed33fa75130ca1ee6c8a01d1ffb62bac859dfdfb3450e3e5d1c0146529" "/opt/rustwide/cargo-home/bin/cargo" "+af3c6e733a40e671550e0f0f5aeecaa13772ba56" "metadata" "--no-deps" "--format-version=1", kill_on_drop: false }`
[INFO] [stdout] 4d4ad823d71e4afd0b3fc242ec41ed904e022774c756ab353efd4d100136af8c
[INFO] [stderr] WARNING: Your kernel does not support swap limit capabilities or the cgroup is not mounted. Memory limited without swap.
[INFO] running `Command { std: "docker" "start" "-a" "4d4ad823d71e4afd0b3fc242ec41ed904e022774c756ab353efd4d100136af8c", kill_on_drop: false }`
[INFO] running `Command { std: "docker" "inspect" "4d4ad823d71e4afd0b3fc242ec41ed904e022774c756ab353efd4d100136af8c", kill_on_drop: false }`
[INFO] running `Command { std: "docker" "rm" "-f" "4d4ad823d71e4afd0b3fc242ec41ed904e022774c756ab353efd4d100136af8c", kill_on_drop: false }`
[INFO] [stdout] 4d4ad823d71e4afd0b3fc242ec41ed904e022774c756ab353efd4d100136af8c
[INFO] running `Command { std: "docker" "create" "-v" "/var/lib/crater-agent-workspace/builds/worker-1/target:/opt/rustwide/target:rw,Z" "-v" "/var/lib/crater-agent-workspace/builds/worker-1/source:/opt/rustwide/workdir:ro,Z" "-v" "/var/lib/crater-agent-workspace/cargo-home:/opt/rustwide/cargo-home:ro,Z" "-v" "/var/lib/crater-agent-workspace/rustup-home:/opt/rustwide/rustup-home:ro,Z" "-e" "SOURCE_DIR=/opt/rustwide/workdir" "-e" "CARGO_TARGET_DIR=/opt/rustwide/target" "-e" "CARGO_INCREMENTAL=0" "-e" "RUST_BACKTRACE=full" "-e" "RUSTFLAGS=--cap-lints=forbid" "-e" "CARGO_HOME=/opt/rustwide/cargo-home" "-e" "RUSTUP_HOME=/opt/rustwide/rustup-home" "-w" "/opt/rustwide/workdir" "-m" "1610612736" "--user" "0:0" "--network" "none" "rustops/crates-build-env@sha256:d92eaeed33fa75130ca1ee6c8a01d1ffb62bac859dfdfb3450e3e5d1c0146529" "/opt/rustwide/cargo-home/bin/cargo" "+af3c6e733a40e671550e0f0f5aeecaa13772ba56" "check" "--frozen" "--all" "--all-targets" "--message-format=json", kill_on_drop: false }`
[INFO] [stdout] e3c6fe7a47dde60500214aba15638d880fda21599d1e991ba4a440a3a19ca6dc
[INFO] [stderr] WARNING: Your kernel does not support swap limit capabilities or the cgroup is not mounted. Memory limited without swap.
[INFO] running `Command { std: "docker" "start" "-a" "e3c6fe7a47dde60500214aba15638d880fda21599d1e991ba4a440a3a19ca6dc", kill_on_drop: false }`
[INFO] [stderr]     Blocking waiting for file lock on package cache
[INFO] [stderr]     Blocking waiting for file lock on package cache
[INFO] [stderr]     Blocking waiting for file lock on package cache
[INFO] [stderr]     Blocking waiting for file lock on package cache
[INFO] [stderr]    Compiling pkg-config v0.3.9
[INFO] [stderr]     Checking libc v0.2.20
[INFO] [stderr]     Checking bitflags v0.4.0
[INFO] [stderr]    Compiling gcc v0.3.43
[INFO] [stderr]     Checking bitflags v0.5.0
[INFO] [stderr]    Compiling semver v0.1.20
[INFO] [stderr]     Checking cfg-if v0.1.0
[INFO] [stderr]    Compiling gio v0.1.1 (https://github.com/gtk-rs/gio.git#07d4601b)
[INFO] [stderr]    Compiling gdk-pixbuf v0.1.1 (https://github.com/gtk-rs/gdk-pixbuf#739fe928)
[INFO] [stderr]    Compiling cairo-rs v0.1.1 (https://github.com/gtk-rs/cairo#411ffb9c)
[INFO] [stderr]     Checking c_vec v1.2.0
[INFO] [stderr]    Compiling quote v0.3.12
[INFO] [stderr]    Compiling gdk v0.5.1 (https://github.com/gtk-rs/gdk.git#8b334252)
[INFO] [stderr]    Compiling backtrace v0.3.0
[INFO] [stderr]     Checking regex-syntax v0.3.9
[INFO] [stderr]    Compiling gtk v0.1.1 (https://github.com/gtk-rs/gtk.git#344453c9)
[INFO] [stderr]     Checking rustc-demangle v0.1.3
[INFO] [stderr]     Checking utf8-ranges v0.1.3
[INFO] [stderr]     Checking serde v0.9.6
[INFO] [stderr]    Compiling xmz-mod-touch-test-tool v1.0.1 (/opt/rustwide/workdir)
[INFO] [stderr]     Checking dtoa v0.4.1
[INFO] [stderr]     Checking bitflags v0.1.1
[INFO] [stderr]     Checking itoa v0.3.1
[INFO] [stderr]     Checking num-traits v0.1.36
[INFO] [stderr]    Compiling dbghelp-sys v0.2.0
[INFO] [stderr]    Compiling rustc_version v0.1.7
[INFO] [stderr]    Compiling syn v0.11.4
[INFO] [stderr]     Checking memchr v0.1.11
[INFO] [stderr]     Checking rand v0.3.15
[INFO] [stderr]     Checking aho-corasick v0.5.3
[INFO] [stderr]     Checking thread-id v2.0.0
[INFO] [stderr]     Checking thread_local v0.2.7
[INFO] [stderr]    Compiling nix v0.6.0
[INFO] [stderr]    Compiling glib-sys v0.3.2 (https://github.com/gtk-rs/sys.git#9ae84c22)
[INFO] [stderr]    Compiling gobject-sys v0.3.2 (https://github.com/gtk-rs/sys.git#9ae84c22)
[INFO] [stderr]    Compiling gio-sys v0.3.2 (https://github.com/gtk-rs/sys.git#9ae84c22)
[INFO] [stderr]    Compiling cairo-sys-rs v0.3.2 (https://github.com/gtk-rs/cairo#411ffb9c)
[INFO] [stderr]    Compiling gdk-pixbuf-sys v0.3.2 (https://github.com/gtk-rs/sys.git#9ae84c22)
[INFO] [stderr]    Compiling pango-sys v0.3.2 (https://github.com/gtk-rs/sys.git#9ae84c22)
[INFO] [stderr]    Compiling gdk-sys v0.3.2 (https://github.com/gtk-rs/sys.git#9ae84c22)
[INFO] [stderr]    Compiling atk-sys v0.3.2 (https://github.com/gtk-rs/sys.git#9ae84c22)
[INFO] [stderr]    Compiling gtk-sys v0.3.2 (https://github.com/gtk-rs/sys.git#9ae84c22)
[INFO] [stderr]    Compiling backtrace-sys v0.1.5
[INFO] [stderr]    Compiling libmodbus-sys v0.2.1 (https://github.com/zzeroo/libmodbus-rs.git#7939c466)
[INFO] [stderr]     Checking regex v0.1.80
[INFO] [stderr]     Checking error-chain v0.9.0
[INFO] [stderr]    Compiling serde_codegen_internals v0.13.0
[INFO] [stderr]     Checking glib v0.1.1 (https://github.com/gtk-rs/glib.git#91f2ceb4)
[INFO] [stderr] error: failed to run custom build command for `libmodbus-sys v0.2.1 (https://github.com/zzeroo/libmodbus-rs.git#7939c466)`
[INFO] [stderr] 
[INFO] [stderr] Caused by:
[INFO] [stderr]   process didn't exit successfully: `/opt/rustwide/target/debug/build/libmodbus-sys-ade5d798b0ff911c/build-script-build` (exit code: 101)
[INFO] [stderr]   --- stdout
[INFO] [stderr]   running: "sh" "-c" "/opt/rustwide/cargo-home/git/checkouts/libmodbus-rs-9c8cd7e93aa5b371/7939c46/libmodbus-sys/libmodbus/autogen.sh"
[INFO] [stderr] 
[INFO] [stderr]   --------------------------
[INFO] [stderr]   Running autoreconf failed.
[INFO] [stderr]   --------------------------
[INFO] [stderr] 
[INFO] [stderr]   running: "sh" "-c" "\"/opt/rustwide/cargo-home/git/checkouts/libmodbus-rs-9c8cd7e93aa5b371/7939c46/libmodbus-sys/libmodbus/configure\" --prefix=\"/opt/rustwide/target/debug/build/libmodbus-sys-0f7750f2f83f351a/out\""
[INFO] [stderr] 
[INFO] [stderr]   --- stderr
[INFO] [stderr]   autom4te: cannot create autom4te.cache: No such file or directory
[INFO] [stderr]   aclocal: error: echo failed with exit status: 1
[INFO] [stderr]   autoreconf: aclocal failed with exit status: 1
[INFO] [stderr]   sh: 1: /opt/rustwide/cargo-home/git/checkouts/libmodbus-rs-9c8cd7e93aa5b371/7939c46/libmodbus-sys/libmodbus/configure: not found
[INFO] [stderr]   thread 'main' panicked at 'assertion failed: cmd.stdout(Stdio::inherit()).stderr(Stdio::inherit()).status().unwrap().success()', /opt/rustwide/cargo-home/git/checkouts/libmodbus-rs-9c8cd7e93aa5b371/7939c46/libmodbus-sys/build.rs:78:5
[INFO] [stderr]   stack backtrace:
[INFO] [stderr]      0:     0x560eb545e310 - std::backtrace_rs::backtrace::libunwind::trace::h452faf99f32e7c93
[INFO] [stderr]                                  at /rustc/af3c6e733a40e671550e0f0f5aeecaa13772ba56/library/std/src/../../backtrace/src/backtrace/libunwind.rs:96
[INFO] [stderr]      1:     0x560eb545e310 - std::backtrace_rs::backtrace::trace_unsynchronized::he40edc71437667a1
[INFO] [stderr]                                  at /rustc/af3c6e733a40e671550e0f0f5aeecaa13772ba56/library/std/src/../../backtrace/src/backtrace/mod.rs:66
[INFO] [stderr]      2:     0x560eb545e310 - std::sys_common::backtrace::_print_fmt::h6c51d6ade71f46bf
[INFO] [stderr]                                  at /rustc/af3c6e733a40e671550e0f0f5aeecaa13772ba56/library/std/src/sys_common/backtrace.rs:79
[INFO] [stderr]      3:     0x560eb545e310 - <std::sys_common::backtrace::_print::DisplayBacktrace as core::fmt::Display>::fmt::h3cd15d7003dec37a
[INFO] [stderr]                                  at /rustc/af3c6e733a40e671550e0f0f5aeecaa13772ba56/library/std/src/sys_common/backtrace.rs:58
[INFO] [stderr]      4:     0x560eb547d0dc - core::fmt::write::h1857a60b204f1b6a
[INFO] [stderr]                                  at /rustc/af3c6e733a40e671550e0f0f5aeecaa13772ba56/library/core/src/fmt/mod.rs:1080
[INFO] [stderr]      5:     0x560eb545b317 - std::io::Write::write_fmt::hac61caff894c35ae
[INFO] [stderr]                                  at /rustc/af3c6e733a40e671550e0f0f5aeecaa13772ba56/library/std/src/io/mod.rs:1517
[INFO] [stderr]      6:     0x560eb5460980 - std::sys_common::backtrace::_print::haa2f390fb7957e3e
[INFO] [stderr]                                  at /rustc/af3c6e733a40e671550e0f0f5aeecaa13772ba56/library/std/src/sys_common/backtrace.rs:61
[INFO] [stderr]      7:     0x560eb5460980 - std::sys_common::backtrace::print::h48c7cbbad9013bb1
[INFO] [stderr]                                  at /rustc/af3c6e733a40e671550e0f0f5aeecaa13772ba56/library/std/src/sys_common/backtrace.rs:48
[INFO] [stderr]      8:     0x560eb5460980 - std::panicking::default_hook::{{closure}}::h8b7ff05a31e71d55
[INFO] [stderr]                                  at /rustc/af3c6e733a40e671550e0f0f5aeecaa13772ba56/library/std/src/panicking.rs:208
[INFO] [stderr]      9:     0x560eb54606cc - std::panicking::default_hook::h2f00c78800d98e4c
[INFO] [stderr]                                  at /rustc/af3c6e733a40e671550e0f0f5aeecaa13772ba56/library/std/src/panicking.rs:227
[INFO] [stderr]     10:     0x560eb5460fe3 - std::panicking::rust_panic_with_hook::h4eaa635e4694aef3
[INFO] [stderr]                                  at /rustc/af3c6e733a40e671550e0f0f5aeecaa13772ba56/library/std/src/panicking.rs:577
[INFO] [stderr]     11:     0x560eb543c09c - std::panicking::begin_panic::{{closure}}::hb23ac95cd08f9f15
[INFO] [stderr]                                  at /rustc/af3c6e733a40e671550e0f0f5aeecaa13772ba56/library/std/src/panicking.rs:506
[INFO] [stderr]     12:     0x560eb543e849 - std::sys_common::backtrace::__rust_end_short_backtrace::hc36605b2513540a7
[INFO] [stderr]                                  at /rustc/af3c6e733a40e671550e0f0f5aeecaa13772ba56/library/std/src/sys_common/backtrace.rs:153
[INFO] [stderr]     13:     0x560eb543bfc7 - std::panicking::begin_panic::hc23128281426c056
[INFO] [stderr]                                  at /rustc/af3c6e733a40e671550e0f0f5aeecaa13772ba56/library/std/src/panicking.rs:505
[INFO] [stderr]     14:     0x560eb541a3cb - build_script_build::run::hcb3c9aec35a13112
[INFO] [stderr]                                  at /opt/rustwide/cargo-home/git/checkouts/libmodbus-rs-9c8cd7e93aa5b371/7939c46/libmodbus-sys/build.rs:78
[INFO] [stderr]     15:     0x560eb5419721 - build_script_build::main::h6b8706bb612bb936
[INFO] [stderr]                                  at /opt/rustwide/cargo-home/git/checkouts/libmodbus-rs-9c8cd7e93aa5b371/7939c46/libmodbus-sys/build.rs:53
[INFO] [stderr]     16:     0x560eb541a75b - core::ops::function::FnOnce::call_once::h3414460f6f29e3b2
[INFO] [stderr]                                  at /rustc/af3c6e733a40e671550e0f0f5aeecaa13772ba56/library/core/src/ops/function.rs:227
[INFO] [stderr]     17:     0x560eb541a6be - std::sys_common::backtrace::__rust_begin_short_backtrace::h6b9b82cc52c7f69b
[INFO] [stderr]                                  at /rustc/af3c6e733a40e671550e0f0f5aeecaa13772ba56/library/std/src/sys_common/backtrace.rs:137
[INFO] [stderr]     18:     0x560eb541a471 - std::rt::lang_start::{{closure}}::he57884640264084f
[INFO] [stderr]                                  at /rustc/af3c6e733a40e671550e0f0f5aeecaa13772ba56/library/std/src/rt.rs:66
[INFO] [stderr]     19:     0x560eb54613e1 - core::ops::function::impls::<impl core::ops::function::FnOnce<A> for &F>::call_once::hecc21eb9018cc197
[INFO] [stderr]                                  at /rustc/af3c6e733a40e671550e0f0f5aeecaa13772ba56/library/core/src/ops/function.rs:259
[INFO] [stderr]     20:     0x560eb54613e1 - std::panicking::try::do_call::h174ad655d084b5c7
[INFO] [stderr]                                  at /rustc/af3c6e733a40e671550e0f0f5aeecaa13772ba56/library/std/src/panicking.rs:381
[INFO] [stderr]     21:     0x560eb54613e1 - std::panicking::try::h479e6054ce28de10
[INFO] [stderr]                                  at /rustc/af3c6e733a40e671550e0f0f5aeecaa13772ba56/library/std/src/panicking.rs:345
[INFO] [stderr]     22:     0x560eb54613e1 - std::panic::catch_unwind::hb558ddea2b3e9c45
[INFO] [stderr]                                  at /rustc/af3c6e733a40e671550e0f0f5aeecaa13772ba56/library/std/src/panic.rs:382
[INFO] [stderr]     23:     0x560eb54613e1 - std::rt::lang_start_internal::h163149047f0a8b61
[INFO] [stderr]                                  at /rustc/af3c6e733a40e671550e0f0f5aeecaa13772ba56/library/std/src/rt.rs:51
[INFO] [stderr]     24:     0x560eb541a447 - std::rt::lang_start::h3deaf9ce0ee55cfc
[INFO] [stderr]                                  at /rustc/af3c6e733a40e671550e0f0f5aeecaa13772ba56/library/std/src/rt.rs:65
[INFO] [stderr]     25:     0x560eb541a3fa - main
[INFO] [stderr]     26:     0x7f75740ed0b3 - __libc_start_main
[INFO] [stderr]     27:     0x560eb54170ce - _start
[INFO] [stderr]     28:                0x0 - <unknown>
[INFO] [stderr] warning: build failed, waiting for other jobs to finish...
[INFO] [stdout] error[E0119]: conflicting implementations of trait `value::SetValueOptional` for type `&_`:
[INFO] [stdout]    --> /opt/rustwide/cargo-home/git/checkouts/glib-928cf7b282977403/91f2ceb/src/value.rs:489:1
[INFO] [stdout]     |
[INFO] [stdout] 458 | impl<'a, T: ?Sized + SetValueOptional> SetValueOptional for &'a T {
[INFO] [stdout]     | ----------------------------------------------------------------- first implementation here
[INFO] [stdout] ...
[INFO] [stdout] 489 | impl<T: IsA<Object>> SetValueOptional for T {
[INFO] [stdout]     | ^^^^^^^^^^^^^^^^^^^^^^^^^^^^^^^^^^^^^^^^^^^ conflicting implementation for `&_`
[INFO] [stdout]     |
[INFO] [stdout]     = note: downstream crates may implement trait `object::IsA<object::Object>` for type `&_`
[INFO] [stdout] 
[INFO] [stdout] 
[INFO] [stdout] error[E0119]: conflicting implementations of trait `value::SetValue` for type `&_`:
[INFO] [stdout]    --> /opt/rustwide/cargo-home/git/checkouts/glib-928cf7b282977403/91f2ceb/src/value.rs:483:1
[INFO] [stdout]     |
[INFO] [stdout] 452 | impl<'a, T: ?Sized + SetValue> SetValue for &'a T {
[INFO] [stdout]     | ------------------------------------------------- first implementation here
[INFO] [stdout] ...
[INFO] [stdout] 483 | impl<T: IsA<Object>> SetValue for T {
[INFO] [stdout]     | ^^^^^^^^^^^^^^^^^^^^^^^^^^^^^^^^^^^ conflicting implementation for `&_`
[INFO] [stdout]     |
[INFO] [stdout]     = note: downstream crates may implement trait `object::IsA<object::Object>` for type `&_`
[INFO] [stdout] 
[INFO] [stdout] 
[INFO] [stdout] error: aborting due to 2 previous errors
[INFO] [stdout] 
[INFO] [stdout] 
[INFO] [stdout] For more information about this error, try `rustc --explain E0119`.
[INFO] [stdout] 
[INFO] [stderr] error: build failed
[INFO] running `Command { std: "docker" "inspect" "e3c6fe7a47dde60500214aba15638d880fda21599d1e991ba4a440a3a19ca6dc", kill_on_drop: false }`
[INFO] running `Command { std: "docker" "rm" "-f" "e3c6fe7a47dde60500214aba15638d880fda21599d1e991ba4a440a3a19ca6dc", kill_on_drop: false }`
[INFO] [stdout] e3c6fe7a47dde60500214aba15638d880fda21599d1e991ba4a440a3a19ca6dc
